ber?
True
Let r be 0 + 31*(1 - 0). Suppose z + r = -m - 5, 4*m = -5*z - 177. Let b = z - -70. Is b a composite number?
False
Let k(i) = i**3 + 17*i**2 - 3*i - 8. Is k(-9) composite?
True
Let u(v) = -232*v + 5. Is u(-3) prime?
True
Let h be 1/(-3)*0*1. Suppose h*g + 4*g - 148 = 0. Is g a prime number?
True
Suppose -3 = 2*l - 17. Is l a composite number?
False
Let v(w) = 0*w + 3*w**3 - 4*w**3 + w + 9 - 7*w**2. Let n be v(-7). Is n*(-9)/12*-34 prime?
False
Let d(r) = -384*r + 5. Is d(-6) a composite number?
False
Is (6 + (-12412)/3)/((-4)/6) composite?
False
Let z(t) = -t - 4. Let w be z(3). Let k(x) = -x**2 - 8*x - 10. Let n be k(w). Let y = 122 + n. Is y composite?
True
Suppose 4*m = 14 + 14. Is m a prime number?
True
Suppose 2*b = -7*b + 46179. Is b prime?
False
Suppose o - 101 = 3*i, 7*o = 3*o - 2*i + 460. Is o a composite number?
False
Suppose 4*y + 63 = 2*z - 15, -39 = -z + 4*y. Is z composite?
True
Suppose -3*r + r - 5*q = -1001, 3*q + 3 = 0. Is r composite?
False
Suppose -7231 = -3*t - 1954. Is t composite?
False
Let a = 0 - -3. Suppose a*s + 8 = 2. Let n(j) = -4*j**3 - j**2 + 4*j + 3. Is n(s) prime?
True
Suppose -3*k = -469 + 76. Is k a composite number?
False
Suppose -8*b - 4099 = -23259. Is b composite?
True
Let b(d) = -8*d + 23. Is b(-7) prime?
True
Suppose -9*l + 7*l = -598. Is l a composite number?
True
Suppose -2*w = -3*w - b + 4, 0 = -b + 4. Suppose w = -5*x - y + 6, -4*x + 17 = -2*y + 1. Suppose 2*g + 6 = 0, x*r - g = 4*g + 29. Is r prime?
True
Let w(a) = -a + 2. Let h be w(0). Suppose h*n - 4*n = -8. Is 1/n + (-1645)/(-28) a prime number?
True
Suppose -7 = 3*q - 22, 250 = 2*c + 4*q. Suppose 5*l + 119 = 4*b, c = 5*b + 6*l - l. Is b a prime number?
False
Is ((-15)/(-10) + 1)*134 prime?
False
Let l(n) = -n + 11*n**2 + 2*n - 1 + 0. Let t(g) = -g**3 - 5*g**2 + 6*g - 3. Let f be t(-6). Is l(f) prime?
False
Let i = 343 - 12. Is i prime?
True
Let c(p) = -p**3 + 7*p**2 - 5*p - 4. Let w be c(6). Suppose s - 6 = -w*n, 2*s + 3*s + 3*n = 44. Is s a prime number?
False
Let f(u) = u**2 + 2*u - 1. Let t be f(-2). Suppose 0 = x - 1 - 1. Is x/t*(-7)/2 prime?
True
Let o be (-4)/(1 - 12/4). Suppose j + o*i = -3*i + 239, 4*j - 998 = i. Is j composite?
True
Is (-15920)/(-12) + 1 + (-8)/12 prime?
True
Let l(x) = 4*x**2 - 6*x + 5. Let i(p) = -p**2 - 4*p + 3. Let h be i(-3). Is l(h) a composite number?
False
Is (191/(-2))/(19/(-38)) composite?
False
Let j = 6 - 3. Suppose 4*i - 6 = j*i. Is i a prime number?
False
Suppose -s - 5*h + 1024 = 0, -h + 4 = 7. Is s a prime number?
True
Let g(m) = 2*m - 2. Let j be g(4). Suppose -2*k + j*k = 3*b - 841, -k - 239 = 5*b. Let s = k - -371. Is s composite?
False
Suppose 4*o - 275 = -3*t - 51, -t + 5*o = -43. Suppose t + 51 = h. Is h a composite number?
True
Suppose -4*l - l = -1265. Is l composite?
True
Let d(u) = -76*u - 1. Is d(-9) composite?
False
Let k = 7 - 4. Suppose 0 = -5*d - 3*l + 12, 0 = -d - d - 3*l + k. Suppose -d*g + j - 57 = -4*g, 2*g = 3*j + 104. Is g composite?
True
Let n be 12/(-8)*(-4)/2. Let x(r) = 0*r**3 + 0*r**n - r**3 + 7*r - 4*r**2 - 5. Is x(-6) a prime number?
False
Let h(p) = 8*p + 3. Let w be ((-112)/(-21))/((-1)/(-3)). Suppose x - 5*x = -w. Is h(x) a prime number?
False
Suppose 3*p = -3*j + 6*j + 189, -3*j - 130 = -2*p. Is p composite?
False
Let k(f) = -f**3 - 10*f**2 + 10*f - 11. Let c be k(-11). Suppose c*q = 3*q - 261. Is q prime?
False
Let c = 10 + 14. Suppose 3*k - c = -k - 2*h, 5*h + 18 = 3*k. Suppose 0 = k*x - 2*x - 92. Is x a composite number?
False
Let b(v) = v**3 - 16*v**2 + 44*v - 3. Is b(18) prime?
False
Let o be 2*3*1/2. Is 611/o - 6/9 prime?
False
Suppose f + 544 = 3*y, 0*f - 365 = -2*y + 3*f. Is y a prime number?
True
Suppose -6 + 2 = -l, 5*v - l = 21. Is (398/v)/(24/60) a composite number?
False
Let a(u) = -u**2 + u + 41. Let m be a(0). Suppose -5*z - 3*f = 55, -z - 5*f = z + m. Let q = -5 - z. Is q prime?
True
Let a(v) = 3*v**2 - 5*v + 10. Let x be a(7). Suppose -79 - x = -3*w. Is w a prime number?
True
Let m be 6/(-2)*(4 - 19). Suppose 2*z + 1 - m = -a, -4*z - 3*a + 92 = 0. Let f = z + -13. Is f a composite number?
False
Let x(p) = -2*p + 3. Let b be x(-3). Suppose -5*j = -b*j + 844. Is j a composite number?
False
Is (-6 - -2) + (4 - (-37)/1) a prime number?
True
Suppose 0 = 3*a - a - 2*q, 4*a - 6 = -2*q. Let h = 66 + a. Is h a composite number?
False
Let m(w) = 17*w**2 + w. Let u be m(1). Let k = u - 7. Is k prime?
True
Let c(w) = -w**3 + 5*w**2 + 3*w - 4. Is c(-3) composite?
False
Suppose 1 + 5 = y. Let p be (y*1)/((-5)/10). Let a = p - -23. Is a a prime number?
True
Suppose -1 + 13 = 4*d. Suppose 6 = d*n - 0, -5*u = -n - 23. Is (-374)/(-8) + u/20 prime?
True
Suppose -3 = 4*v - 11. Let i(f) = v + 5*f - 9*f - 5*f. Is i(-9) a prime number?
True
Let y(x) = -x**2 - 17*x - 29. Is y(-14) prime?
True
Is (-3)/(-3)*(930 + -1) a prime number?
True
Let s(f) = 19*f**2 + 5*f + 23. Is s(10) composite?
False
Let n(j) be the third derivative of 3*j**5/20 + j**3/6 + 3*j**2. Let g = 6 + -4. Is n(g) composite?
False
Let h be 0 - (3 - 5) - -3. Suppose l + 72 = h*f - 0*l, -2*f = 5*l - 45. Let n = 25 - f. Is n composite?
True
Let f(p) = 14*p + 15. Is f(8) a prime number?
True
Suppose 4 - 13 = -3*l. Suppose l*q = 4*o - 319, 2*q + 104 = q - o. Is (q/6)/((-2)/4) prime?
False
Suppose a + 13 = 5*j, -4*j = -a + 6*a + 7. Suppose -5*i - k + 15 = 0, -5*k - 34 + 1 = -j*i. Suppose i*o = b - 25, o = 1 - 4. Is b composite?
False
Let a = 7 + -2. Let i = a + -1. Is i composite?
True
Let i(g) = 8*g**2 + 13*g + 1. Is i(-6) composite?
False
Suppose j + 9 = 2*j. Let l be (0 + 489)/(j/(-6)). Is (l/1)/(-5 - -3) a prime number?
True
Let m be (-7)/14*(-1 + -59). Let q = 37 + m. Is q prime?
True
Is (-1)/(-1 - (-1624)/1628) a prime number?
False
Suppose -2*p + 5*w + 10 = 0, -2*p + w + 10 = 4*w. Suppose 0 = -0*o - p*o. Suppose -5*u - 2*d - 28 + 105 = o, -2*d = -4*u + 58. Is u a prime number?
False
Let y(h) = 2*h - 1. Let k be y(2). Let u(f) = 7*f**2 - f - 2. Is u(k) composite?
True
Let i(g) = 6*g**3 - 9*g**2 + 11*g + 20. Let a(l) = -2*l**3 + 3*l**2 - 4*l - 7. Let s(k) = 17*a(k) + 6*i(k). Is s(3) prime?
False
Let a(h) = 56*h + 19. Let q be a(8). Let u = 4 - 0. Suppose 65 + q = u*x. Is x a composite number?
True
Suppose 4*h - 175 = 5*b - 1104, 4*b - 737 = -3*h. Suppose -5*c = -3*x + 535 - b, -4*x - 3*c + 457 = 0. Is x composite?
True
Let a = -453 - -756. Is a a prime number?
False
Let r be (-2)/(1/(-4)*2). Suppose -r*x + 3*v + 410 = 120, -3*v - 68 = -x. Is x prime?
False
Let r = 329 - 172. Is r composite?
False
Let j(v) = 0*v**2 + v + 20*v**2 + 26*v**2 - 2*v. Is j(-1) a prime number?
True
Let r = 722 + 429. Is r composite?
False
Suppose -3*k - 158 = 7*c - 2*c, -4*c + 76 = -2*k. Let r = k + 83. Is r prime?
True
Let k(l) = 4*l**2 + 3*l + 4. Let j be k(-6). Suppose t + j = -t. Is t*2/4*-2 composite?
True
Let i(w) = 2*w**3 - 11*w**2 - w + 2. Let x be i(8). Suppose 3*u - 5*u = -x. Is u prime?
True
Let d = -149 + 67. Let m = 3 - d. Is m a prime number?
False
Is (-3 - -2)/(10/(-11470)) a composite number?
True
Suppose 156 = 2*m - 288. Suppose 5*t - 13 = m. Is t a composite number?
False
Let w = -7 + 3. Let v be (2/w)/(3/(-18)). Suppose 3 + 42 = v*q. Is q composite?
True
Let c(r) = r. Let l(w) = -61*w - 4. Let s(m) = 4*c(m) - l(m). Is s(3) a composite number?
False
Let p(n) = -n + 4*n**2 - n - 14*n**3 - 1 - 4*n**2. Is p(-2) a composite number?
True
Let a be (-3 - 0)*(-6 - -5). Suppose -3 = -3*s, 2*s - 11 = -4*d - s. Suppose d*z = -a*y + 163, 39 = -4*z + 5*y + 332. Is z composite?
True
Suppose 3*c - h - 371 - 295 = 0, -2*c = -3*h - 451. Is c a prime number?
False
Let z = -90 + 136. Is z composite?
True
Let j(b) = b**2 + 8*b - 7. Let g(a) = 2*a - 1. Let y be g(-5). Is j(y) prime?
False
Suppose 2 = -2*o - 8. Is 20/8*(-124)/o a composite number?
True
Let o(i) = 5*i**2 - 2*i - 5. Suppose 6*a - 16 = 2*a. Is o(a) prime?
True
Suppose -5*b = -y - 2*b + 79, 3*y + 2*b - 259 = 0. Is y prime?
False
Suppose -2*u + 26 = -4*r, -u = u + 5*r + 10. Suppose -2*y - 1 + u = 0. Suppose 4 = -y*b + 74. Is b a composite number?
True
Let j(u) = -u - 1. Let x(q) = 8*q**2 - q - 4. Let t(h) = -5*j(h) + x(h). Let n = -6 + 9. Is t(n) a composite number?
True
Let i be 1/(-1 - -1 - -1). Let j be (1 - i) + -2*2. Let g(d) = d**3 + 6*d**2 + 3*d - 5. Is g(j) 